{"id":3377,"date":"2022-10-18T14:19:23","date_gmt":"2022-10-18T12:19:23","guid":{"rendered":"https:\/\/www.eventindustriali.com\/maintenance-stories\/?page_id=3377"},"modified":"2022-10-18T14:22:26","modified_gmt":"2022-10-18T12:22:26","slug":"edizione-2022","status":"publish","type":"page","link":"https:\/\/www.eventindustriali.com\/maintenance-stories\/edizione-2022\/","title":{"rendered":"Maintenance Stories | Edizioni precedenti | 5 ottobre 2022 &#8211; Gardaland Resort (VR)"},"content":{"rendered":"<div class=\"flex_column av_one_full  flex_column_div av-zero-column-padding first  avia-builder-el-0  el_before_av_one_full  avia-builder-el-first  \" style='border-radius:0px; '><div style='padding-bottom:10px; ' class='av-special-heading av-special-heading-h2    avia-builder-el-1  avia-builder-el-no-sibling   '><h2 class='av-special-heading-tag '  itemprop=\"headline\"  >Ottobre 2022 &#8211; Gardaland Resort (VR)<\/h2><div class='special-heading-border'><div class='special-heading-inner-border' ><\/div><\/div><\/div><\/div>\n<div class=\"flex_column av_one_full  flex_column_div av-zero-column-padding first  avia-builder-el-2  el_after_av_one_full  el_before_av_button  column-top-margin\" style='border-radius:0px; '><section class=\"av_textblock_section \"  itemscope=\"itemscope\" itemtype=\"https:\/\/schema.org\/CreativeWork\" ><div class='avia_textblock  '   itemprop=\"text\" ><h3><strong>MaintenanceStories 2022: #EdizioneUnica<\/strong><\/h3>\n<p><em>Il grande ritorno in presenza ha portato a Gardaland (VR) oltre 300 professionisti della manutenzione: un risultato che conferma i numeri del 2019 pre-pandemia<\/em><\/p>\n<h4><span style=\"color: #ff0000;\"><strong>L\u2019evento<\/strong><\/span><\/h4>\n<p>MaintenanceStories <em>HomeComing<\/em>, 5 Ottobre 2022, Gardaland (VR): l\u2019edizione numero 20 del format ideato nel 2005 \u00e8 stata una vera e proprio emozione. Oltre 300 professionisti in ambito manutenzione si sono ritrovati a Gardaland proprio dove questo evento, diventato negli anni il riferimento nel settore, \u00e8 nato 17 anni fa. Era l\u20198 Giugno del 2005 e per la prima volta in Italia la \u201cCommunity\u201d della Manutenzione aveva un suo \u201cmomento\u201d. Oggi, 5 Ottobre 2022, la Community \u00e8 tornata a riunirsi dopo due edizioni vissute solo in remoto e lo ha fatto in un modo che ha superato le aspettative.<\/p>\n<h4><span style=\"color: #ff0000;\"><strong>Le Eccellenze<\/strong><\/span><\/h4>\n<p>A Gardaland eccellenze nazionali ed internazionali hanno raccontato <strong>metodi per la gestione del processo manutentivo<\/strong>, <strong>l\u2019evoluzione dei modelli organizzativi della manutenzione<\/strong>, <strong>l\u2019impatto della digitalizzazione<\/strong>, hanno analizzato i binomi <strong>Manutenzione &#038; Sicurezza<\/strong>, <strong>Manutenzione &#038; Service<\/strong> e il sempre attuale <strong>Manutenzione &#038; Infrastrutture<\/strong>. Il tutto \u00e8 stato anticipato da un\u2019ora dedicata alla storia di questo evento e all\u2019ospitalit\u00e0 che Gardaland ha mostrato: <strong>l\u2019Ing. Francesco Maria Cominoli<\/strong> ha raccontato come \u00e8 nato il processo di ingegneria di Manutenzione nel pi\u00f9 grande parco divertimenti d\u2019Italia, mentre <strong>Ivano Bertani<\/strong>, parte della Direzione Tecnica di Manutenzione di Gardaland ha raccontato come quella tecnologia cos\u00ec tanto importante in ambito industriale si applica proprio nelle attrazioni che erano a pochi metri dai partecipanti. Successivamente, tra gli altri, sono intervenute: <strong>Cavit, RaiWay, Sacmi, Tetra Pak, Galbusera, Erg, Autostrade per l\u2019Italia, Ferrero<\/strong> e<strong> Philip Morris<\/strong>, solo per citare alcuni dei relatori che sono saliti sul palco della 20a edizione di <strong>MaintenanceStories<\/strong>.<\/p>\n<h4><span style=\"color: #ff0000;\"><strong>MaintenanceStories: Persone e Fatti di Manutenzione<\/strong><\/span><\/h4>\n<p>La giornata, condotta dal Coordinatore Comunicazione &#038; Soci A.I.MAN. <strong>Marco Marangoni<\/strong>, \u00e8 iniziata con un video emozionale che ha fatto rivivere ai presenti in sala ciascuna delle precedenti 19 Edizioni. Ad aprire i \u00a0lavori \u00e8 stato <strong>Cristian Son<\/strong>, Resp. Relazioni Esterne A.I.MAN. Son ha ricordato la nascita di <strong>MaintenanceStories<\/strong> nel 2005 e ha ringraziato tutti coloro che hanno sostenuto questo evento in tutte le edizioni: partner, sponsor, relatori, associazioni. Queste le sue parole al termine dell\u2019evento: \u201c<em>MaintenanceStories \u00e8 un punto di riferimento unico per chi vive e lavora nel mondo e nel mercato della manutenzione. \u00c8 un contesto unico nel suo genere, capace di evolversi senza snaturarsi. MaintenanceStories \u00e8 pura lobby manutentiva. \u00c8 un privilegio fare parte di questo network ed \u00e8 un vero orgoglio personale averlo ideato nel 2005<\/em>\u201d.<\/p>\n<h4><span style=\"color: #ff0000;\"><strong>Coming Soon:<\/strong><\/span><\/h4>\n<p>Ora il focus \u00e8 su \u201c<strong><u>Il Mese della Manutenzione \u2013 Novembre 2022<\/u><\/strong>\u201d: un format che vivr\u00e0 da remoto nelle prime 3 settimane (iscrizioni gratuite per tutti su <a href=\"http:\/\/www.ilmesedellamanutenzione.it\">www.ilmesedellamanutenzione.it<\/a>) in cui ci saranno Webinar tematici sulla Manutenzione 4.0, gli episodi del format tv \u201cC\u2019\u00e8ManutenzioneXTe!\u201d e i momenti proposti nel XXX Congresso Nazionale. Il 29 Novembre, in presenza e in diretta streaming, appuntamento al Museo Nicolis di Villafranca di Verona per il grande momento conclusivo del 2022 di A.I.MAN. con gli approfondimenti legati a quanto emerso durante Il Mese della Manutenzione e con la premiazione del 3\u00b0 \u201cItalian Maintenance Manager Italiano\u201d. Un piccolo ulteriore passo verso il 2024 quando \u201c<strong>Euromaintenance<\/strong>\u201d, evento fieristico e congressuale di riferimento a livello Europeo, torner\u00e0 in Italia.<\/p>\n<p style=\"text-align: right;\"><em>Comunicazione A.I.MAN.<\/em><\/p>\n<p style=\"text-align: right;\"><a href=\"mailto:marketing@aiman.com\"><em>marketing@aiman.com<\/em><\/a><\/p>\n<\/div><\/section><\/div>\n<div class='avia-button-wrap avia-button-center  avia-builder-el-4  el_after_av_one_full  el_before_av_hr  '><a href='https:\/\/photos.app.goo.gl\/jKpew29MErcdWC8U6'  class='avia-button   avia-icon_select-no avia-color-red avia-size-x-large avia-position-center '  target=\"_blank\"   ><span class='avia_iconbox_title' >Guarda la Photo Gallery<\/span><\/a><\/div>\n<div  class='hr hr-default   avia-builder-el-5  el_after_av_button  el_before_av_video '><span class='hr-inner ' ><span class='hr-inner-style'><\/span><\/span><\/div>\n<div class='avia-video avia-video-16-9   av-lazyload-immediate  av-lazyload-video-embed  '   itemprop=\"video\" itemtype=\"https:\/\/schema.org\/VideoObject\"  data-original_url='https:\/\/www.youtube.com\/watch?v=i1N04P41HEk' ><script type='text\/html' class='av-video-tmpl'><div class='avia-iframe-wrap'><iframe title=\"20 Edizioni di MaitenanceStories\" width=\"1500\" height=\"844\" src=\"https:\/\/www.youtube.com\/embed\/i1N04P41HEk?feature=oembed\" frameborder=\"0\" allow=\"accelerometer; autoplay; clipboard-write; encrypted-media; gyroscope; picture-in-picture\" allowfullscreen><\/iframe><\/div><\/script><div class='av-click-to-play-overlay'><div class=\"avia_playpause_icon\"><\/div><\/div><\/div>\n","protected":false},"excerpt":{"rendered":"","protected":false},"author":2,"featured_media":0,"parent":0,"menu_order":0,"comment_status":"closed","ping_status":"closed","template":"","meta":[],"acf":[],"_links":{"self":[{"href":"https:\/\/www.eventindustriali.com\/maintenance-stories\/wp-json\/wp\/v2\/pages\/3377"}],"collection":[{"href":"https:\/\/www.eventindustriali.com\/maintenance-stories\/wp-json\/wp\/v2\/pages"}],"about":[{"href":"https:\/\/www.eventindustriali.com\/maintenance-stories\/wp-json\/wp\/v2\/types\/page"}],"author":[{"embeddable":true,"href":"https:\/\/www.eventindustriali.com\/maintenance-stories\/wp-json\/wp\/v2\/users\/2"}],"replies":[{"embeddable":true,"href":"https:\/\/www.eventindustriali.com\/maintenance-stories\/wp-json\/wp\/v2\/comments?post=3377"}],"version-history":[{"count":2,"href":"https:\/\/www.eventindustriali.com\/maintenance-stories\/wp-json\/wp\/v2\/pages\/3377\/revisions"}],"predecessor-version":[{"id":3382,"href":"https:\/\/www.eventindustriali.com\/maintenance-stories\/wp-json\/wp\/v2\/pages\/3377\/revisions\/3382"}],"wp:attachment":[{"href":"https:\/\/www.eventindustriali.com\/maintenance-stories\/wp-json\/wp\/v2\/media?parent=3377"}],"curies":[{"name":"wp","href":"https:\/\/api.w.org\/{rel}","templated":true}]}}