{"id":766,"date":"2019-07-12T15:11:17","date_gmt":"2019-07-12T13:11:17","guid":{"rendered":"https:\/\/www.eventindustriali.com\/?page_id=766"},"modified":"2023-10-02T10:49:34","modified_gmt":"2023-10-02T08:49:34","slug":"maintenance-stories","status":"publish","type":"page","link":"https:\/\/www.eventindustriali.com\/maintenance-stories\/","title":{"rendered":"MaintenanceStories"},"content":{"rendered":"<div id='fullscreen_slider_1' class='avia-fullscreen-slider main_color   avia-builder-el-0  el_before_av_one_full  avia-builder-el-first   container_wrap sidebar_right' style=' '  ><div  data-size='extra_large'  data-lightbox_size='large'  data-animation='slide'  data-conditional_play=''  data-ids='2379'  data-video_counter='0'  data-autoplay='false'  data-bg_slider='true'  data-slide_height='100'  data-handle='av_fullscreen'  data-interval='5'  data-class=' '  data-css_id='fullscreen_slider_1'  data-scroll_down=''  data-control_layout='av-control-default'  data-custom_markup=''  data-perma_caption=''  data-autoplay_stopper=''  data-image_attachment=''  data-min_height='0px'  data-stretch=''  data-default-height='100'  class='avia-slideshow avia-slideshow-1  av-control-default av-default-height-applied avia-slideshow-extra_large av_fullscreen   avia-slide-slider '  itemprop=\"image\" itemscope=\"itemscope\" itemtype=\"https:\/\/schema.org\/ImageObject\" ><ul class='avia-slideshow-inner ' style='padding-bottom: 55.133333333333%;' ><li style='background-position:center center;' data-img-url='https:\/\/www.eventindustriali.com\/maintenance-stories\/wp-content\/uploads\/2021\/03\/ISS_4266_09364-1500x827.jpg' class=' av-single-slide slide-1 ' ><div data-rel='slideshow-1' class='avia-slide-wrap '   ><div class = \"caption_fullwidth av-slideshow-caption caption_center\"><div class = \"container caption_container\"><div class = \"slideshow_caption\"><div class = \"slideshow_inner_caption\"><div class = \"slideshow_align_caption\"><h2  style='font-size:80px; ' class='avia-caption-title  '  itemprop=\"name\" ><\/p>\n<div class=\"titolo\">MAINTENANCESTORIES  <\/div>\n<p><\/h2><div class='avia-caption-content  '  itemprop=\"description\"  ><div class=\"sottotitolo\"><strong> <em>Fatti di Manutenzione<\/em><br \/>\n<\/strong><\/p>\n<\/div><\/div><\/div><\/div><\/div><\/div><div class='av-section-color-overlay' style='opacity: 0.5; background-color: #0a0a0a; '><\/div><\/div><\/li><\/ul><\/div><\/div><div id='after_full_slider_1' class='main_color av_default_container_wrap container_wrap sidebar_right' style=' '  ><div class='container' ><div class='template-page content  av-content-small alpha units'><div class='post-entry post-entry-type-page post-entry-766'><div class='entry-content-wrapper clearfix'>\n<div class=\"flex_column av_one_full  flex_column_div av-zero-column-padding first  avia-builder-el-1  el_after_av_fullscreen  el_before_av_one_full  avia-builder-el-first  \" style='border-radius:0px; '><section class=\"av_textblock_section \"  itemscope=\"itemscope\" itemtype=\"https:\/\/schema.org\/CreativeWork\" ><div class='avia_textblock  '   itemprop=\"text\" ><h2 style=\"text-align: center;\"><span style=\"color: #4ba2ea;\"><strong><span style=\"color: #4ba2ea;\">MaintenanceStories<\/span> \u2013 20esima edizione\u00a0<\/strong><\/span><\/h2>\n<h3 style=\"text-align: center;\"><\/h3>\n<p><span style=\"color: #ffffff;\">&#8211;<\/span><\/p>\n<\/div><\/section><br \/>\n<section class=\"av_textblock_section \"  itemscope=\"itemscope\" itemtype=\"https:\/\/schema.org\/CreativeWork\" ><div class='avia_textblock  '   itemprop=\"text\" ><h3 style=\"text-align: center;\"><strong> <br class=\"avia-permanent-lb\" \/>MaintenanceStories 2022: #EdizioneUnica<\/strong><\/h3>\n<p style=\"text-align: center;\"><em>Il grande ritorno in presenza ha portato a Gardaland (VR) oltre 300 professionisti della manutenzione: un risultato che conferma i numeri del 2019 pre-pandemia<\/em><\/p>\n<h4 style=\"text-align: center;\"><span style=\"color: #ff0000;\"><strong> <br class=\"avia-permanent-lb\" \/>L\u2019evento<\/strong><\/span><\/h4>\n<p style=\"text-align: center;\">MaintenanceStories <em>HomeComing<\/em>, 5 Ottobre 2022, Gardaland (VR): l\u2019edizione numero 20 del format ideato nel 2005 \u00e8 stata una vera e proprio emozione. Oltre 300 professionisti in ambito manutenzione si sono ritrovati a Gardaland proprio dove questo evento, diventato negli anni il riferimento nel settore, \u00e8 nato 17 anni fa. Era l\u20198 Giugno del 2005 e per la prima volta in Italia la \u201cCommunity\u201d della Manutenzione aveva un suo \u201cmomento\u201d. Oggi, 5 Ottobre 2022, la Community \u00e8 tornata a riunirsi dopo due edizioni vissute solo in remoto e lo ha fatto in un modo che ha superato le aspettative.<\/p>\n<h4 style=\"text-align: center;\"><strong> <br class=\"avia-permanent-lb\" \/><span style=\"color: #ff0000;\">Le Eccellenze<\/span><\/strong><\/h4>\n<p style=\"text-align: center;\">A Gardaland eccellenze nazionali ed internazionali hanno raccontato <strong>metodi per la gestione del processo manutentivo<\/strong>, <strong>l\u2019evoluzione dei modelli organizzativi della manutenzione<\/strong>, <strong>l\u2019impatto della digitalizzazione<\/strong>, hanno analizzato i binomi <strong>Manutenzione &#038; Sicurezza<\/strong>, <strong>Manutenzione &#038; Service<\/strong> e il sempre attuale <strong>Manutenzione &#038; Infrastrutture<\/strong>. Il tutto \u00e8 stato anticipato da un\u2019ora dedicata alla storia di questo evento e all\u2019ospitalit\u00e0 che Gardaland ha mostrato: <strong>l\u2019Ing. Francesco Maria Cominoli<\/strong> ha raccontato come \u00e8 nato il processo di ingegneria di Manutenzione nel pi\u00f9 grande parco divertimenti d\u2019Italia, mentre <strong>Ivano Bertani<\/strong>, parte della Direzione Tecnica di Manutenzione di Gardaland ha raccontato come quella tecnologia cos\u00ec tanto importante in ambito industriale si applica proprio nelle attrazioni che erano a pochi metri dai partecipanti. Successivamente, tra gli altri, sono intervenute: <strong>Cavit, RaiWay, Sacmi, Tetra Pak, Galbusera, Erg, Autostrade per l\u2019Italia, Ferrero<\/strong> e<strong> Philip Morris<\/strong>, solo per citare alcuni dei relatori che sono saliti sul palco della 20a edizione di <strong>MaintenanceStories<\/strong>.<\/p>\n<h4 style=\"text-align: center;\"><strong> <br class=\"avia-permanent-lb\" \/><span style=\"color: #ff0000;\">MaintenanceStories: Persone e Fatti di Manutenzione<\/span><\/strong><\/h4>\n<p style=\"text-align: center;\">La giornata, condotta dal Coordinatore Comunicazione &#038; Soci A.I.MAN. <strong>Marco Marangoni<\/strong>, \u00e8 iniziata con un video emozionale che ha fatto rivivere ai presenti in sala ciascuna delle precedenti 19 Edizioni. Ad aprire i\u00a0 lavori \u00e8 stato <strong>Cristian Son<\/strong>, Resp. Relazioni Esterne A.I.MAN. Son ha ricordato la nascita di <strong>MaintenanceStories<\/strong> nel 2005 e ha ringraziato tutti coloro che hanno sostenuto questo evento in tutte le edizioni: partner, sponsor, relatori, associazioni. Queste le sue parole al termine dell\u2019evento: \u201c<em>MaintenanceStories \u00e8 un punto di riferimento unico per chi vive e lavora nel mondo e nel mercato della manutenzione. \u00c8 un contesto unico nel suo genere, capace di evolversi senza snaturarsi. MaintenanceStories \u00e8 pura lobby manutentiva. \u00c8 un privilegio fare parte di questo network ed \u00e8 un vero orgoglio personale averlo ideato nel 2005<\/em>\u201d.<\/p>\n<h4 style=\"text-align: center;\"><strong> <br class=\"avia-permanent-lb\" \/><span style=\"color: #ff0000;\">Coming Soon:<\/span><\/strong><\/h4>\n<p style=\"text-align: center;\">Ora il focus \u00e8 su \u201c<strong><u>Il Mese della Manutenzione \u2013 Novembre 2022<\/u><\/strong>\u201d: un format che vivr\u00e0 da remoto nelle prime 3 settimane (iscrizioni gratuite per tutti su <a href=\"http:\/\/www.ilmesedellamanutenzione.it\">www.ilmesedellamanutenzione.it<\/a>) in cui ci saranno Webinar tematici sulla Manutenzione 4.0, gli episodi del format tv \u201cC\u2019\u00e8ManutenzioneXTe!\u201d e i momenti proposti nel XXX Congresso Nazionale. Il 29 Novembre, in presenza e in diretta streaming, appuntamento al Museo Nicolis di Villafranca di Verona per il grande momento conclusivo del 2022 di A.I.MAN. con gli approfondimenti legati a quanto emerso durante Il Mese della Manutenzione e con la premiazione del 3\u00b0 \u201cItalian Maintenance Manager Italiano\u201d. Un piccolo ulteriore passo verso il 2024 quando \u201c<strong>Euromaintenance<\/strong>\u201d, evento fieristico e congressuale di riferimento a livello Europeo, torner\u00e0 in Italia.<\/p>\n<p style=\"text-align: center;\"><em>Comunicazione A.I.MAN.<\/em><\/p>\n<p style=\"text-align: center;\"><em><a href=\"mailto:marketing@aiman.com\">marketing@aiman.com<\/a><\/em><\/p>\n<\/div><\/section><br \/>\n<div class='avia-buttonrow-wrap avia-buttonrow-center   avia-builder-el-4  el_after_av_textblock  el_before_av_partner  '>\n<a href='mailto:mailto:maintenance.stories@gmail.com'  class='avia-button  avia-icon_select-no avia-color-custom avia-size-x-large '  target=\"_blank\"  style='background-color:#30345a; border-color:#30345a; color:#ffffff; margin-bottom:5px; margin-left:3px; margin-right:3px; ' ><span class='avia_iconbox_title' >CHIEDI INFO<\/span><\/a>\n<\/div><br \/>\n<div  class='hr hr-default  '><span class='hr-inner ' ><span class='hr-inner-style'><\/span><\/span><\/div><br \/>\n<section class=\"av_textblock_section \"  itemscope=\"itemscope\" itemtype=\"https:\/\/schema.org\/CreativeWork\" ><div class='avia_textblock  '   itemprop=\"text\" ><h3 style=\"text-align: center;\"><strong>Sfoglia il report fotografico della 20a edizione\u00a0<\/strong><\/h3>\n<p><span style=\"color: #ffffff;\">&#8211;<\/span><\/p>\n<\/div><\/section><br \/>\n<div class='avia-buttonrow-wrap avia-buttonrow-center   '>\n<a href='https:\/\/photos.app.goo.gl\/jKpew29MErcdWC8U6'  class='avia-button  avia-icon_select-no avia-color-custom avia-size-x-large '  target=\"_blank\"  style='background-color:#f48624; border-color:#f48624; color:#ffffff; margin-bottom:5px; margin-left:3px; margin-right:3px; ' ><span class='avia_iconbox_title' >Album fotografico<\/span><\/a>\n<\/div><br \/>\n<div  class='hr hr-default  '><span class='hr-inner ' ><span class='hr-inner-style'><\/span><\/span><\/div><br \/>\n<div class='avia-video avia-video-16-9   av-lazyload-immediate  av-lazyload-video-embed  '   itemprop=\"video\" itemtype=\"https:\/\/schema.org\/VideoObject\"  data-original_url='https:\/\/www.youtube.com\/watch?v=i1N04P41HEk' ><script type='text\/html' class='av-video-tmpl'><div class='avia-iframe-wrap'><iframe title=\"20 Edizioni di MaintenanceStories\" width=\"1500\" height=\"844\" src=\"https:\/\/www.youtube.com\/embed\/i1N04P41HEk?feature=oembed\" frameborder=\"0\" allow=\"accelerometer; autoplay; clipboard-write; encrypted-media; gyroscope; picture-in-picture; web-share\" allowfullscreen><\/iframe><\/div><\/script><div class='av-click-to-play-overlay'><div class=\"avia_playpause_icon\"><\/div><\/div><\/div><br \/>\n<section class=\"av_textblock_section \"  itemscope=\"itemscope\" itemtype=\"https:\/\/schema.org\/CreativeWork\" ><div class='avia_textblock  '   itemprop=\"text\" ><h2 style=\"text-align: center;\"><\/h2>\n<h3 style=\"text-align: center;\"><br class=\"avia-permanent-lb\" \/><strong>Sfoglia lo speciale che ripercorre le 20 edizioni di MaintenanceStories<\/strong><\/h3>\n<p><span style=\"color: #ffffff;\">&#8211;<\/span><\/p>\n<\/div><\/section><br \/>\n<div class='avia-button-wrap avia-button-center  '><a href='https:\/\/www.manutenzione-online.com\/digital\/2022\/maintenancestories\/#'  class='avia-button   avia-icon_select-no avia-color-custom avia-size-x-large avia-position-center '  target=\"_blank\"  style='background-color:#30345a; border-color:#30345a; color:#ffffff; ' ><span class='avia_iconbox_title' >20 edizioni MaintenanceStories<\/span><\/a><\/div><\/p><\/div>\n<div  class='hr hr-default  '><span class='hr-inner ' ><span class='hr-inner-style'><\/span><\/span><\/div>\n<div class='flex_column_table av-equal-height-column-flextable -flextable' ><div class=\"flex_column av_one_half  av-animated-generic pop-up  flex_column_table_cell av-equal-height-column av-align-top first   \" style='background: #f48624; padding:40px; background-color:#f48624; border-radius:0px; '><section class=\"av_textblock_section \"  itemscope=\"itemscope\" itemtype=\"https:\/\/schema.org\/CreativeWork\" ><div class='avia_textblock intestazione-box-evento av_inherit_color '  style='color:#ffffff; '  itemprop=\"text\" ><h3 style=\"text-align: center;\">La Storia<\/h3>\n<\/div><\/section><br \/>\n<section class=\"av_textblock_section \"  itemscope=\"itemscope\" itemtype=\"https:\/\/schema.org\/CreativeWork\" ><div class='avia_textblock  av_inherit_color '  style='color:#ffffff; '  itemprop=\"text\" ><h3 style=\"text-align: center;\"><\/h3>\n<p style=\"text-align: left;\"><strong>MaintenanceStories<\/strong> &#8211; <em>Fatti di Manutenzione\u00a0<\/em>\u00e8 un evento nato nel <strong>2005<\/strong> con l&#8217;obiettivo di creare un contesto unico per <strong>Responsabili di Manutenzione<\/strong> e <strong>Direttori di Stabilimento<\/strong>: una giornata nella quale queste figure professionali si possono confrontare su aspetti e novit\u00e0 determinanti per il successo nel loro ambito lavorativo. <strong>MaintenanceStories<\/strong>, da sempre itinerante, ha toccato alcune tra le pi\u00f9 grandi eccellenze italiane: <strong>Gardaland<\/strong>, Ferrari, <strong>Martini &#038; Rossi<\/strong>, Ferrero, <strong>Esso<\/strong>, Diageo, <strong>Ducati<\/strong>, Heineken, <strong>Malpensa<\/strong>, Acciaierie Venete, solo per citarne alcune.<\/p>\n<p>Le edizioni 2022 e 2021 di si sono tenute durante\u00a0<em>Il Mese della Manutenzione 2022.<\/em><\/p>\n<p>La 20a edizione di <strong>MaintenanceStories<\/strong> si \u00e8 tenuta presso il Gardaland Resort (VR), in una edizione <em>homecoming, <\/em>dove si svolse la storica prima edizione nel 2005.<\/p>\n<p style=\"text-align: center;\">\n<\/div><\/section><br \/>\n<div class='avia-buttonrow-wrap avia-buttonrow-center   '>\n<a href='https:\/\/www.eventindustriali.com\/maintenance-stories\/edizioni-precedenti-ms\/'  class='avia-button  avia-icon_select-no avia-color-light avia-size-x-large '  style='margin-bottom:5px; margin-left:3px; margin-right:3px; ' ><span class='avia_iconbox_title' >Le Edizioni Precedenti<\/span><\/a>\n<\/div><\/p><\/div><\/div><!--close column table wrapper. Autoclose: 1 -->\n<div class='flex_column_table av-equal-height-column-flextable -flextable' ><div class='av-flex-placeholder'><\/div><div class=\"flex_column av_one_half  av-animated-generic pop-up  flex_column_table_cell av-equal-height-column av-align-top    \" style='background: #30345a; padding:40px; background-color:#30345a; border-radius:0px; '><section class=\"av_textblock_section \"  itemscope=\"itemscope\" itemtype=\"https:\/\/schema.org\/CreativeWork\" ><div class='avia_textblock intestazione-box-evento av_inherit_color '  style='color:#ffffff; '  itemprop=\"text\" ><h3 style=\"text-align: center;\">Le relazioni<\/h3>\n<\/div><\/section><br \/>\n<section class=\"av_textblock_section \"  itemscope=\"itemscope\" itemtype=\"https:\/\/schema.org\/CreativeWork\" ><div class='avia_textblock  av_inherit_color '  style='color:#ffffff; '  itemprop=\"text\" ><p><strong>MaintenanceStories<\/strong> &#8211; <em>Fatti di Manutenzione<\/em> si \u00e8 da sempre caratterizzato come un evento dai contenuto di altissimo livello. Sono tantissime infatti le eccellenze italiane che si sono susseguite sul palco dell&#8217;evento e che hanno raccontato alla platea i migliori casi di successo in ambito Manutenzione.<\/p>\n<p>Tra queste, negli eventi pi\u00f9 recenti, segnaliamo: <strong>Sapio<\/strong>, Pirelli, <strong>Ferrovie Nord<\/strong>, Acciaierie Venete, <strong>GSK<\/strong>, Iren Energia, <strong>Sarlux<\/strong>, Carcano Antonio, <strong>Cogne Acciai<\/strong>, Ducati, <strong>Heineken<\/strong>, SEA, <strong>SEA Energia.<\/strong><\/p>\n<p style=\"text-align: center;\">\n<\/div><\/section><br \/>\n<div class='avia-buttonrow-wrap avia-buttonrow-center   '>\n<a href='mailto:eventi@tim-europe.com'  class='avia-button  avia-icon_select-no avia-color-light avia-size-x-large '  style='margin-bottom:5px; margin-left:3px; margin-right:3px; ' ><span class='avia_iconbox_title' >Contattaci per maggiori informazioni<\/span><\/a>\n<\/div><\/p><\/div><\/div><!--close column table wrapper. Autoclose: 1 -->\n<div style='height:50px' class='hr hr-invisible   '><span class='hr-inner ' ><span class='hr-inner-style'><\/span><\/span><\/div>\n<div class=\"flex_column av_one_half  flex_column_div av-zero-column-padding first   \" style='border-radius:0px; '><p><div style='height:60px' class='hr hr-invisible   '><span class='hr-inner ' ><span class='hr-inner-style'><\/span><\/span><\/div><br \/>\n<section class=\"av_textblock_section \"  itemscope=\"itemscope\" itemtype=\"https:\/\/schema.org\/CreativeWork\" ><div class='avia_textblock  '   itemprop=\"text\" ><h3><a href=\"https:\/\/twitter.com\/MaintenanceSto1\" target=\"_blank\" rel=\"noopener\"><img loading=\"lazy\" class=\"alignnone wp-image-1449 size-medium\" style=\"vertical-align: middle;\" src=\"https:\/\/www.eventindustriali.com\/maintenance-stories\/wp-content\/uploads\/2019\/07\/twitter-1-300x82.jpg\" alt=\"\" width=\"300\" height=\"82\" srcset=\"https:\/\/www.eventindustriali.com\/maintenance-stories\/wp-content\/uploads\/2019\/07\/twitter-1-300x82.jpg 300w, https:\/\/www.eventindustriali.com\/maintenance-stories\/wp-content\/uploads\/2019\/07\/twitter-1.jpg 366w\" sizes=\"(max-width: 300px) 100vw, 300px\" \/><\/a><\/h3>\n<p><a class=\"twitter-timeline\" href=\"https:\/\/twitter.com\/MaintenanceSto1?ref_src=twsrc%5Etfw\">Tweets by MaintenanceSto1<\/a> <script async src=\"https:\/\/platform.twitter.com\/widgets.js\" charset=\"utf-8\"><\/script><\/p>\n<\/div><\/section><\/p><\/div>\n<div class=\"flex_column av_one_half  flex_column_div av-zero-column-padding    \" style='border-radius:0px; '><p><div style='height:60px' class='hr hr-invisible   '><span class='hr-inner ' ><span class='hr-inner-style'><\/span><\/span><\/div><br \/>\n<section class=\"av_textblock_section \"  itemscope=\"itemscope\" itemtype=\"https:\/\/schema.org\/CreativeWork\" ><div class='avia_textblock  '   itemprop=\"text\" ><h3>Seguici sui social<\/h3>\n<\/div><\/section><br \/>\n<div style='height:40px' class='hr hr-invisible   '><span class='hr-inner ' ><span class='hr-inner-style'><\/span><\/span><\/div><br \/>\n<section class=\"av_textblock_section \"  itemscope=\"itemscope\" itemtype=\"https:\/\/schema.org\/CreativeWork\" ><div class='avia_textblock  '   itemprop=\"text\" ><h3><\/h3>\n<p><a href=\"https:\/\/twitter.com\/MaintenanceSto1\" target=\"_blank\" rel=\"noopener\"><img loading=\"lazy\" class=\"alignnone wp-image-1438 size-full\" src=\"https:\/\/www.eventindustriali.com\/maintenance-stories\/wp-content\/uploads\/2019\/07\/twitter-1.png\" alt=\"\" width=\"73\" height=\"20\" \/><\/a>\u00a0 \u00a0\u00a0 \u00a0<a href=\"http:\/\/https:\/\/www.linkedin.com\/company\/maintenancestories\/\" target=\"_blank\" rel=\"noopener\"><img loading=\"lazy\" class=\"alignnone wp-image-1435 size-full\" src=\"https:\/\/www.eventindustriali.com\/maintenance-stories\/wp-content\/uploads\/2019\/07\/linkedin.png\" alt=\"\" width=\"79\" height=\"20\" \/><\/a><\/p>\n<\/div><\/section><br \/>\n<section class=\"av_textblock_section \"  itemscope=\"itemscope\" itemtype=\"https:\/\/schema.org\/CreativeWork\" ><div class='avia_textblock  '   itemprop=\"text\" ><h3><a href=\"https:\/\/www.linkedin.com\/company\/maintenancestories\/\" target=\"_blank\" rel=\"noopener\"><img loading=\"lazy\" class=\"alignnone wp-image-1448 size-medium\" src=\"https:\/\/www.eventindustriali.com\/maintenance-stories\/wp-content\/uploads\/2019\/07\/linkedin-300x75.jpg\" alt=\"\" width=\"300\" height=\"75\" srcset=\"https:\/\/www.eventindustriali.com\/maintenance-stories\/wp-content\/uploads\/2019\/07\/linkedin-300x75.jpg 300w, https:\/\/www.eventindustriali.com\/maintenance-stories\/wp-content\/uploads\/2019\/07\/linkedin.jpg 400w\" sizes=\"(max-width: 300px) 100vw, 300px\" \/><\/a><\/h3>\n<p><iframe loading=\"lazy\" src=\"https:\/\/www.linkedin.com\/embed\/feed\/update\/urn:li:ugcPost:6988117429709123586\" height=\"749\" width=\"504\" frameborder=\"0\" allowfullscreen=\"\" title=\"Embedded post\"><\/iframe><\/p>\n<\/div><\/section><br \/>\n<div style='height:40px' class='hr hr-invisible   '><span class='hr-inner ' ><span class='hr-inner-style'><\/span><\/span><\/div><br \/>\n<section class=\"av_textblock_section \"  itemscope=\"itemscope\" itemtype=\"https:\/\/schema.org\/CreativeWork\" ><div class='avia_textblock  '   itemprop=\"text\" ><p><a href=\"https:\/\/www.eventindustriali.com\" target=\"_blank\" rel=\"noopener\"><img loading=\"lazy\" class=\"alignleft size-full wp-image-916\" src=\"https:\/\/www.eventindustriali.com\/energy-2020-industry-efficiency\/wp-content\/uploads\/2019\/07\/logo-tim-global-logo.png\" alt=\"\" width=\"210\" height=\"112\" \/><\/a><\/p>\n<\/div><\/section><\/p><\/div>\n","protected":false},"excerpt":{"rendered":"","protected":false},"author":1,"featured_media":0,"parent":0,"menu_order":0,"comment_status":"closed","ping_status":"closed","template":"","meta":[],"acf":[],"_links":{"self":[{"href":"https:\/\/www.eventindustriali.com\/maintenance-stories\/wp-json\/wp\/v2\/pages\/766"}],"collection":[{"href":"https:\/\/www.eventindustriali.com\/maintenance-stories\/wp-json\/wp\/v2\/pages"}],"about":[{"href":"https:\/\/www.eventindustriali.com\/maintenance-stories\/wp-json\/wp\/v2\/types\/page"}],"author":[{"embeddable":true,"href":"https:\/\/www.eventindustriali.com\/maintenance-stories\/wp-json\/wp\/v2\/users\/1"}],"replies":[{"embeddable":true,"href":"https:\/\/www.eventindustriali.com\/maintenance-stories\/wp-json\/wp\/v2\/comments?post=766"}],"version-history":[{"count":256,"href":"https:\/\/www.eventindustriali.com\/maintenance-stories\/wp-json\/wp\/v2\/pages\/766\/revisions"}],"predecessor-version":[{"id":3423,"href":"https:\/\/www.eventindustriali.com\/maintenance-stories\/wp-json\/wp\/v2\/pages\/766\/revisions\/3423"}],"wp:attachment":[{"href":"https:\/\/www.eventindustriali.com\/maintenance-stories\/wp-json\/wp\/v2\/media?parent=766"}],"curies":[{"name":"wp","href":"https:\/\/api.w.org\/{rel}","templated":true}]}}